ne u(0).
13
Let g be (-20)/(-100)*(-15)/(-9). Let m(u) be the first derivative of -g*u**3 + 3*u**2 + 3*u + 14. Determine m(6).
3
Let m(n) = -n - 22. Let f be (-8)/(-88) + 2400/(-264). Calculate m(f).
-13
Let b be (-20)/7*(-7)/2. Suppose 0 = -9*k + 4*k + b. Let w(r) = -r**k - 36*r + 20*r + 15*r + 1. Determine w(0).
1
Let x(k) = 29*k**2 - k - 1. Let j be -4*(3 - 36/8)/3. Suppose -3*o + 5*o = -j. Determine x(o).
29
Let z(o) = -2*o**2 + 2*o - 4. Let j(l) = -l**3 + 13*l**2 - 16*l - 180. Let k be j(9). Calculate z(k).
-4
Let z(m) = m + 8. Let x(g) = 448*g - 4036. Let q be x(9). Determine z(q).
4
Let r(q) = -123*q + 11867. Let k be r(96). Let t(p) = -2*p**2 + 121*p - 174. Calculate t(k).
3
Let y(q) = 28 - 39 - 6*q + q - 1 - 2*q**2. Determine y(-6).
-54
Let q(r) = 20*r - 1. Let u(p) be the third derivative of 11*p**4/24 - p**3/6 - p**2 + 12*p. Let g(j) = 6*q(j) - 11*u(j). Determine g(6).
-1
Let l(z) = -29 + 32 + 28 + 52*z + 32*z - 39. What is l(2)?
160
Let h(a) = 5*a + 3 + 0 + 6*a**3 + 3*a**2 - 4*a**3 - 2*a. Suppose 0 = 135*m + 138 + 132. Give h(m).
-7
Suppose 26*m - 2 = 24*m. Let t(x) = -7 + 5 - m + 2 + 8*x. Give t(-1).
-9
Let d(x) = -x**3 + 17*x**2 - 4*x + 5. Suppose -56*f = -17*f - 663. Determine d(f).
-63
Suppose -3*s + 3*f = -0*f - 9, 4*s = -2*f. Let w(o) be the third derivative of o**4/24 + o**3/3 + o**2 - 359*o. Calculate w(s).
3
Suppose m + z = -2*m - 17, 4*m = 5*z - 48. Let g(n) be the second derivative of 7/2*n**2 - n**3 - 1/12*n**4 - 9*n + 0. Give g(m).
0
Let v = -275 - -279. Let w(b) = -2*b**2 + 1265*b + 9*b**2 + v - 1260*b + b**3. What is w(-6)?
10
Let k(w) = w**2 + 62*w + 280. Let u be k(-5). Let g(v) = v**3 + 3*v**2 - 13*v - 3. Calculate g(u).
12
Let u(v) = v**3 - 8*v**2 + v + 5. Let k(o) = 17*o**2 - 3*o**3 - 3*o + 76 - 86 + o**3. Let n(w) = 2*k(w) + 5*u(w). Let g be 6 - (-4)/2 - 2. Give n(g).
-1
Let v(q) = 4*q - 2. Let x(t) = 12*t**2 + 14*t**3 - 13*t**3 + 23*t + 10*t**2 + 45. Let m be x(-21). What is v(m)?
10
Let n(t) be the first derivative of -t**3 - 4*t**2 - 6*t - 5048. Give n(-4).
-22
Suppose 2*q + 14 = 4*v, -q = 3*v + 3*q + 6. Let t(o) = -2*o + 30*o**2 - 5*o**3 + o + 4*o**3 - 37*o**v - 5. Suppose 3*n + 3 + 18 = 0. Determine t(n).
2
Suppose -55 = -3*w - 13. Let y(l) = 6 - 2*l + l - w. Let b be ((-3 - -2) + (-6)/(-6))/(-2). Calculate y(b).
-8
Let d = 244 - 366. Let h = d - -114. Let y(s) = -s - 12. Determine y(h).
-4
Let b(i) = 107*i + 16. Let g(h) = -17*h - 4. Let s(r) = b(r) + 6*g(r). What is s(-2)?
-18
Let x(i) = i**3 - 6*i**2 + i + 1. Let h(l) = -131*l + 1447. Let n be h(11). What is x(n)?
7
Let x(c) = 752*c**2 + c + 56. Let o(k) = -251*k**2 - k + 1. Let z(g) = -3*o(g) - x(g). Calculate z(8).
21
Let p(u) = -4*u + 7. Let g(r) = -7. Let i(l) = -l. Let x(n) = g(n) - 5*i(n). Let v(c) = 7*p(c) + 6*x(c). Let s be v(-6). Let b(y) = y**2 + 6*y - 2. Give b(s).
-7
Let r(h) = -3*h. Suppose -351*k + 31 = -349*k - 5*x, -3*x = -4*k - 1. Give r(k).
21
Let x(d) = 5*d + 6*d - 4*d + 1. Let n = 961 - 958. Suppose 2*l + 19 = n*l + 4*s, 3*s = -l + 15. What is x(l)?
22
Let w(z) = 2*z**2 - 10. Let h(y) = y**3 - 3*y**2 - 10*y - 22. Let b(t) = h(t) - 3*w(t). Calculate b(10).
8
Let c(x) = -2*x**3 - 61*x**2 - 34*x - 26. Let v(i) = 2*i**3 + 60*i**2 + 33*i + 25. Let s(o) = 5*c(o) + 6*v(o). What is s(-27)?
-7
Let q(r) = -20*r + 13. Let b(l) = 6*l - 2. Let d(i) = 3*b(i) + q(i). What is d(-28)?
63
Let j(z) = z**3 - 10*z - 3. Let f(n) = -n**3 - 7*n**2 + 36*n + 56. Let u be f(-10). Give j(u).
-27
Let t(m) = -8*m**2 + 2*m - 1. Suppose 39*h + 4439 = 16*h. Let j = h + 194. Calculate t(j).
-7
Let o(q) = q**3 + 5*q**2 - 7*q - 2. Suppose 115*x - 35 = 108*x. Suppose 2*a - 9 = -a. Suppose 0 = -3*v + 5*b - 43, a*b + 17 = -x*v + 2. Give o(v).
4
Let b be (2 + 0)*(-81)/162. Let u(g) = -112*g**3 + 3*g**2 + 3*g + 1. Calculate u(b).
113
Let n(v) = 46073*v**3 + 115*v**2 - 2*v - 121*v**2 - 21 - 46072*v**3. Give n(7).
14
Suppose 5*y + 9 = -w, 10*w + 15*y + 90 = 20*y. Let g(v) = -2*v**3 - 17*v**2 + 8*v - 5. Determine g(w).
4
Suppose -257*z - 281*z = -3766. Let y be ((-12)/(-10))/(2/5). Let a(f) = y*f + 3*f + 5 + f**3 - 8*f**2 - f. Give a(z).
-9
Let p(j) = j**3 - j**2 - 2*j + 1. Let x(k) = k**2 + 6*k + 2. Let w be x(-6). Suppose 5*d = w + 48. Suppose 2*v = 7*v + d. Calculate p(v).
-7
Let a(q) = -44462*q + 7*q**2 + 44449*q - 2*q**3 + 3*q**2 + 13. What is a(4)?
-7
Suppose p = -h - 12, -17*h + 13*h - 8 = 0. Let b(j) = 3*j + 28. Calculate b(p).
-2
Let l(u) be the third derivative of -u**5/60 - u**4/4 + u**3/3 + 352*u**2. Let a be (-28)/(-8)*2/1. Let h = a - 11. Determine l(h).
10
Let u(l) = 26*l**3 + 13*l**2 - 34*l. Let q(r) = -24*r**3 - 11*r**2 + 29*r. Let s(j) = 7*q(j) + 6*u(j). Let p = 22 - 21. Determine s(p).
-12
Let u(d) = -2*d**2 + 4*d + 1. Let b be ((-12)/8)/((-6)/4). Suppose -16 + 20 = 4*y, 5*y = 3*m - b. Calculate u(m).
1
Let v(s) be the second derivative of s**4/12 + s**3/6 + 5*s**2/2 - s + 325. Calculate v(6).
47
Let v(a) = -a**2 - 14*a + 22. Let h = 7083 - 7100. What is v(h)?
-29
Let w(o) be the third derivative of -o**4/6 - 3*o**3 - 12774*o**2. Give w(-4).
-2
Let s(y) = 11*y + 3. Let f be -2 - (3 + 9 + -9). Determine s(f).
-52
Suppose -2*x = -4*o + 16, 4*o + 4*x + 143 = 111. Let a(l) be the third derivative of -7/6*l**3 + o*l - 37*l**2 + 0 - 1/24*l**4. What is a(-5)?
-2
Let o(v) = -4*v + 3. Let m(h) = -h**2 + 23*h - 56. Let l be m(19). Let r be 20*l/150 - (-1)/3. What is o(r)?
-9
Let i(n) = -n**2 + 8. Let o(z) be the third derivative of z**5/60 - z**3 + 7*z**2 - 1. Let m(h) = -3*i(h) - 4*o(h). What is m(0)?
0
Let i(p) = -2*p + 5. Let y be i(6). Let x = -1 + y. Let o(n) be the third derivative of -n**4/8 - 4*n**3/3 - n**2 - 345. Determine o(x).
16
Let x(r) be the first derivative of -9*r**2/2 - 26*r + 1954. Calculate x(-4).
10
Let i(k) be the first derivative of -k**2/2 - 2*k + 11. Let p be i(-4). Let y(t) = p*t - 2*t + 0*t**3 - 1 - t + 3*t**3. Determine y(-1).
-3
Let q(z) = 46*z + 56. Let v(o) = 369*o - 182*o - 191*o - 5. Let j(h) = 6*q(h) + 68*v(h). Determine j(7).
24
Let p(t) = -177*t + 3559. Let y be p(20). Let q(g) = 11*g - 209. Give q(y).
0
Let p(g) = -2*g**3 - 80*g**2 + 251*g - 279. Let h be p(-43). Let w(i) = i**3 - 23*i**2 + 24*i - 30. Calculate w(h).
14
Suppose 2*l - 4*y = 6, -y + 9 = 3*l + 2*y. Let x(f) = -7*f - 14. Let s(c) = -2*c - 5. Let d(v) = l*x(v) - 8*s(v). Suppose -382*r - 516 = 248. Determine d(r).
8
Let a be (-3)/(-42) - ((-135)/70 + 4). Let h(u) = -2*u**2 + 4. Calculate h(a).
-4
Let q be 7/91 - 144/(-156). Let a(i) = -i - 3. Calculate a(q).
-4
Let h(g) be the second derivative of -g**6/720 + 3*g**5/40 - 13*g**4/12 + 8*g + 4. Let k(c) be the third derivative of h(c). What is k(0)?
9
Let t(h) = -h + 14. Let b = -113 - -116. Suppose 4*a - 17 = 2*q - 3, b*q = a - 16. Let x be (4 + -4 + -1)/(a/(-7)). Give t(x).
7
Let u(p) = 3*p**2 + 4*p + 2. Suppose -120 = 22*a - 32. Let z be (-238)/8 - (-1)/(-4). Let c be ((-6)/a)/3 - z/(-12). Determine u(c).
6
Let d(n) be the second derivative of n**4/6 - n**3/3 - 3*n**2/2 - 55*n. Let p be d(0). Let m(g) = 11*g + 1. What is m(p)?
-32
Suppose -i - 16 = -56*w + 51*w, 0 = -5*i + 5*w. Let p(m) = i*m**3 + 120*m + 5 + m**3 - 239*m + 118*m - m**2 - 4. What is p(-1)?
-4
Let l(n) = 3*n + 7. Let x be 288/(-30) + 7 + 6/(-15). What is l(x)?
-2
Let l(n) = -4*n**2 - n**3 - 1 + 5*n**2 - 57493*n + 57498*n. What is l(0)?
-1
Let o(b) be the third derivative of b**6/120 - b**5/30 + b**4/8 + 2*b**3/3 - 50*b**2 - 4*b. What is o(3)?
22
Let r(l) be the third derivative of l**6/120 - l**5/10 + l**4/6 + 5*l**3/6 - l**2. Let o = 40155 - 40151. Determine r(o).
-11
Let j(u) be the first derivative of 13*u - 159 + 4*u**2 - 1/3*u**3. Calculate j(10).
-7
Let m(k) = k**3 - 5*k**2 + 4*k + 1. Suppose -17 = -3*j - 2*f, 2*f = -7*j + 2*j + 31. Suppose -19*o + j*o = -36. What is m(o)?
-5
Let w(p) = -p**2 - 8*p + 17. Let b = -2457 - -2446. Give w(b).
-16
Let z be 973/834*18/(-3). Let u(n) be the second derivative of -n**3/6 - 7*n**2/2 + n. What is u(z)?
0
Let m = 2008 + -2003. Let u(p) be the second derivative of -p**5/120 + p**4/24 + p**3/6 - p. Let i(x) be the second derivative of u(x). Calculate i(m).
-4
Suppose 5 = f + 4*f, f = -5*g + 1. Let b(h) be the first derivative of h**4/4 - 3*h**2/2 + 4*h + 23. Let y be b(g). Let i(u) = -2*u + 1. What is i(y)?